f 5380 and 2255155.
5
What is the highest common divisor of 2495361 and 1023?
33
Calculate the highest common divisor of 4865426 and 572242.
2738
Calculate the greatest common divisor of 50257934 and 302.
302
What is the highest common divisor of 1650365 and 76073?
127
What is the greatest common factor of 165 and 3700895?
55
Calculate the greatest common factor of 1125327 and 150305.
1307
What is the highest common factor of 125 and 1303987750?
125
What is the greatest common divisor of 7525195 and 20?
5
What is the greatest common divisor of 200 and 25970600?
200
What is the greatest common divisor of 12320 and 5425112?
616
Calculate the greatest common divisor of 1337 and 126686.
7
What is the greatest common factor of 2989 and 26080001?
61
Calculate the highest common factor of 15440 and 104976.
16
What is the highest common divisor of 26230534 and 2323?
23
Calculate the highest common factor of 17776 and 329296.
176
Calculate the highest common factor of 310401705 and 213.
213
Calculate the highest common divisor of 1521335 and 80.
5
What is the greatest common divisor of 67897 and 34787?
43
Calculate the highest common divisor of 16 and 1210983.
1
What is the greatest common divisor of 339138 and 332?
166
What is the greatest common factor of 132 and 22382624?
44
Calculate the greatest common factor of 280 and 15738520.
280
What is the greatest common divisor of 327405 and 1788618?
897
Calculate the greatest common divisor of 1057 and 15031597.
1057
Calculate the highest common divisor of 9541 and 3556357.
203
What is the greatest common divisor of 162425 and 146000?
1825
Calculate the highest common factor of 2329704 and 83772.
468
Calculate the greatest common divisor of 29368 and 3632.
8
What is the greatest common factor of 2263889 and 2301?
59
Calculate the highest common divisor of 17756176 and 16.
16
Calculate the greatest common divisor of 11175347 and 1717.
101
Calculate the highest common divisor of 4 and 3584873.
1
Calculate the greatest common divisor of 89609109 and 29082.
393
Calculate the highest common divisor of 25743238 and 1398.
466
What is the highest common divisor of 811625 and 604?
151
Calculate the greatest common divisor of 17 and 9704008.
17
Calculate the highest common divisor of 224 and 361908.
4
Calculate the greatest common factor of 568947 and 49044.
183
Calculate the highest common factor of 444 and 159988.
148
Calculate the highest common factor of 1587 and 33628001.
529
What is the highest common divisor of 833 and 786869293?
833
Calculate the greatest common divisor of 1011942 and 4182.
102
Calculate the highest common factor of 45582915 and 7420.
1855
What is the greatest common divisor of 30172 and 181906?
38
Calculate the greatest common factor of 205 and 944968.
41
Calculate the highest common divisor of 5107 and 1086059727.
5107
What is the highest common divisor of 7372608 and 141?
141
Calculate the greatest common factor of 84422946 and 54.
6
Calculate the greatest common divisor of 901 and 16457136.
53
What is the greatest common factor of 983 and 257574507?
983
What is the greatest common factor of 490 and 35270?
10
What is the highest common divisor of 70249 and 17?
1
Calculate the highest common factor of 10657801 and 363.
121
Calculate the highest common factor of 481427 and 779666.
1117
What is the highest common factor of 227460 and 24753?
669
What is the greatest common factor of 16666 and 41210?
26
What is the highest common divisor of 13512627 and 17487?
603
Calculate the highest common factor of 236 and 6594902.
118
What is the highest common factor of 930795 and 3840?
15
What is the greatest common divisor of 88 and 57076382?
22
What is the highest common factor of 678633864 and 906?
906
Calculate the highest common factor of 324943 and 265.
53
Calculate the greatest common factor of 2586 and 304766565.
1293
What is the greatest common factor of 272 and 64344456?
136
Calculate the highest common factor of 8272 and 22919644.
2068
What is the greatest common divisor of 1544 and 69185096?
1544
What is the greatest common divisor of 1373344 and 1792?
224
What is the greatest common divisor of 11 and 17401219?
11
Calculate the highest common divisor of 51183 and 16137.
99
Calculate the highest common divisor of 1748 and 6817292.
92
Calculate the highest common factor of 50 and 195495.
5
Calculate the highest common factor of 18960095 and 175.
35
Calculate the highest common divisor of 465750 and 70470.
810
Calculate the greatest common factor of 148 and 234950.
74
What is the highest common factor of 1755 and 1119339?
351
Calculate the highest common divisor of 7533 and 562787919.
2511
Calculate the highest common factor of 103072 and 118304.
32
What is the greatest common factor of 489 and 57022127?
163
What is the highest common divisor of 187 and 911746?
11
Calculate the greatest common factor of 1219 and 2400143955.
1219
What is the highest common factor of 75129 and 159027?
237
What is the highest common divisor of 12 and 184579104?
12
Calculate the greatest common factor of 39160824 and 15072.
3768
Calculate the greatest common factor of 19162 and 8285354.
1474
What is the greatest common factor of 5757089 and 52?
13
What is the greatest common factor of 182 and 26375752?
26
Calculate the highest common divisor of 168916 and 39369992.
1396
What is the greatest common factor of 26 and 1854528?
26
Calculate the highest common factor of 26230 and 3639950.
430
What is the greatest common divisor of 21019713 and 16731?
5577
What is the highest common divisor of 12647689 and 2692?
673
Calculate the highest common factor of 36371308 and 28.
4
Calculate the highest common factor of 8680 and 134050.
70
Calculate the greatest common factor of 2220 and 31125140.
740
Calculate the greatest common factor of 1033884 and 114.
6
What is the greatest common factor of 1855835 and 8215370?
7765
What is the greatest common factor of 972 and 9715626?
486
Calculate the highest common factor of 12725657 and 1134.
7
Calculate the greatest common factor of 128 and 27525088.
32
What is the greatest common factor of 1059 and 2595256?
353
Calculate the highest common divisor of 5536 and 33460276.
692
What is the greatest common factor of 16325 and 11923780?
3265
What is the highest common divisor of 1520 and 146066680?
760
What is the highest common divisor of 502 and 93685?
1
What is the highest common factor of 39824 and 2233288?
1048
Calculate the highest common divisor of 1438715 and 93515.
295
What is the greatest common factor of 3215763 and 4635?
927
What is the highest common factor of 704 and 130795456?
704
Calculate the greatest common factor of 11295576 and 1662348.
5244
Calculate the highest common divisor of 19403787 and 2826.
471
Calculate the greatest common factor of 8000 and 2174000.
2000
Calculate the greatest common factor of 2574 and 1299078.
198
What is the greatest common factor of 42958071 and 468?
117
Calculate the greatest common divisor of 65 and 52871.
13
Calculate the greatest common factor of 10336 and 6218396.
1292
Calculate the greatest common factor of 1121170508 and 812.
116
What is the greatest common factor of 46637 and 2470509?
313
What is the highest common factor of 128970 and 90?
90
What is the greatest common factor of 21729450 and 183?
3
What is the greatest common factor of 3562533 and 26559?
117
What is the highest common factor of 2582127 and 42069?
1137
What is the greatest common factor of 233993478 and 246?
246
What is the highest common divisor of 403 and 835567707?
403
What is the highest common divisor of 3031535 and 65?
65
What is the greatest common divisor of 66 and 2185650?
6
Calculate the greatest common factor of 32400 and 1013900.
100
What is the greatest common factor of 28 and 1573194?
14
Calculate the highest common factor of 51534499 and 656.
41
What is the greatest common divisor of 2570 and 5128949?
257
What is the highest common factor of 147472 and 50544?
208
Calculate the greatest common divisor of 150040 and 88040.
1240
What is the greatest common divisor of 1649 and 13345?
17
Calculate the highest common factor of 406686 and 1002.
6
Calculate the highest common factor of 51 and 966663.
3
Calculate the greatest common factor of 60 and 10885